
Let x = 3080 + 3594. What is the thousands digit of x?
6
Let z(x) = 2756*x**2 + 96*x + 85. What is the units digit of z(-4)?
7
Let q(v) be the third derivative of v**5/20 - 7*v**4/4 - 20*v**3/3 - 104*v**2. What is the hundreds digit of q(-11)?
7
Let m(o) = -o**2 + 33*o - 121. Let d be m(29). What is the hundreds digit of 318/(1 + d/20)?
4
Let r(o) = 27*o - 7*o - 7*o - 10*o**2 + 7 + o**3. Let f(i) = i**3 - 4*i**2 - 4*i + 4. Let a be f(5). What is the units digit of r(a)?
3
Suppose -2*d + 2*u = -5216, d + 0*u - 2606 = 2*u. Suppose -5*p = 9*h - 6*h - d, 0 = 2*p + 4*h - 1058. What is the units digit of p?
9
Let h(b) = -130*b + 7493. What is the units digit of h(0)?
3
Let k(w) = -14*w**2 - 13*w + 34. Let g be k(-11). Let z = g + 2356. What is the units digit of z?
9
Let y(q) = 4524*q**2 + 2*q + 5. What is the units digit of y(-1)?
7
Let s = 380 + -209. What is the tens digit of 27 + -32 + (s - (2 - 0))?
6
Let h(j) = -91*j**3 + 6*j**2 - 56*j - 216. What is the hundreds digit of h(-4)?
9
Let b(i) = -i - 14. Let u(l) = -l - 14. Let g(k) = 4*b(k) - 5*u(k). Let y be g(-14). Suppose -p + 3*p - 48 = y. What is the tens digit of p?
2
Let b = -11976 - -22662. What is the tens digit of b?
8
Let g(x) = 6*x - 31. Let l(b) = 3*b - 15. Let n(k) = -6*g(k) + 13*l(k). Let a be n(4). What is the units digit of 8*a/(-6)*(-7)/2?
4
Let h be 14/(-14) - (1 + -5). Suppose -3*w = 2*i - 385, -276 - 301 = -h*i - 4*w. What is the units digit of i?
1
Let k(l) be the third derivative of 1/2*l**3 + 0*l + 0 + 3/8*l**4 - 12*l**2 + 1/30*l**5. What is the units digit of k(-10)?
3
Suppose -l + 29658 = 4*o, 0 = -18*l + 15*l - 4*o + 89022. What is the hundreds digit of l?
6
Suppose 0 = -6*y + 118*y - 2350320. What is the hundreds digit of y?
9
Suppose -11305 = -4*v + 11095. What is the tens digit of v?
0
Suppose -3*d + 6*d - 12 = 0. Suppose d*p - 77 = -69. What is the units digit of (2*2/4)/(p/206)?
3
Let g = -9353 + 21887. What is the ten thousands digit of g?
1
Let t be (-9)/6 + 5190/12. Suppose 4 = -2*i + 6*i, f = -4*i + 356. Suppose h - t = -4*c, 4*c - f = h + 81. What is the units digit of c?
8
Let y = -35390 + 75547. What is the ten thousands digit of y?
4
Suppose -5*o - 2*c + 1744 = 0, -51 = -o - 2*c + 301. Suppose -o = -6*u + 1524. What is the hundreds digit of u?
3
Let l(a) = 5*a - 45. Let v be l(12). What is the hundreds digit of -2*(-372)/v*(-55)/(-22)?
1
Let s = 1244 + -699. Let t = s + -178. What is the units digit of t?
7
Let s(t) = -336*t + 3145. What is the hundreds digit of s(-92)?
0
Suppose 14 - 6 = -4*p, -3*w + 512 = -p. Let r be 9 + (1 - 11) - -3*1. Suppose r*y - 10 = w. What is the units digit of y?
0
Let r(v) = -v**3 + 8*v**2 + 11*v - 8. Let s(a) = 2*a**3 - 16*a**2 - 22*a + 17. Let f(d) = -5*r(d) - 3*s(d). What is the units digit of f(9)?
7
Let q = -9060 + 15169. What is the tens digit of q?
0
Let u = 1255 - 19. Let m = u + 13. What is the thousands digit of m?
1
Let y = -437 + 169. Let l = y + 523. What is the tens digit of l?
5
Let p(b) = -2*b - 7. Let t be p(-5). Suppose -3*w = -5*w - q, q = -t*w - 2. What is the units digit of ((-836)/(-33))/(w/3 + 1)?
6
Let t = 318 - 570. Let b = t - -385. What is the hundreds digit of b?
1
Suppose 0 = p - 7, 75353 = -23*m + 28*m - p. What is the thousands digit of m?
5
Let o = -40030 - -72793. What is the ten thousands digit of o?
3
Let p = -61436 + 107135. What is the tens digit of p?
9
Let z = 1381 + -1948. Let h = 17 - z. What is the tens digit of h?
8
Let i be 21/(((-45)/12)/(-5)). Let g = -16 + i. Suppose -2*v + g = -v. What is the units digit of v?
2
Let b(s) be the third derivative of s**5/30 - s**4/6 - 5*s**3/3 - 28*s**2. Let w be b(-7). Suppose 43 + w = 3*l. What is the units digit of l?
3
Let o be (1192 + (3 - -2))*3. Suppose -8*g = -9991 + o. What is the hundreds digit of g?
8
Let p = -9450 + 80059. What is the thousands digit of p?
0
Suppose -20 = -8*u - 44. Let g(d) = -41*d**3 + 6*d**2 + 9*d + 5. What is the hundreds digit of g(u)?
1
Suppose 5*w = -3*o + 214, -w - 2*o + 128 = 2*w. Suppose -45*k + 263 = -w*k. What is the units digit of k?
3
Let h = -102 - -94. Let f(s) = 2*s**2 + 19*s + 12. Let k(a) = a**2 + 10*a + 6. Let j(b) = 4*f(b) - 9*k(b). What is the tens digit of j(h)?
4
Suppose -2*w = w - 5*z - 986, 5*w - z - 1614 = 0. Let k = w + -28. What is the tens digit of k?
9
Suppose 52*a + 2643758 = 351*a. What is the hundreds digit of a?
8
Suppose k - 1 = -i - 0*k, -k - 17 = -5*i. Suppose 0 = i*p - 17 - 25. Let x = 64 + p. What is the units digit of x?
8
Let j(l) = l**3 - l**2 - 11*l + 7. Let p be j(0). Suppose p*u = 5587 - 631. What is the tens digit of u?
0
Suppose 6*x - 5*x = -y + 8, 5*x - 3*y - 16 = 0. Suppose -5*b = s - 200, -3*s - 65 = -b - 9. Suppose -4*p - b = -x*p. What is the tens digit of p?
4
Let y(u) = u - 3. Let o be y(8). Suppose -7*z = 110 - 1972. Suppose -3*w = -z + o. What is the tens digit of w?
8
Let q = 231 - 65. Let p = 262 - q. What is the units digit of p?
6
Suppose -4*r + 15 = -1. Let j be ((-21)/(-21))/(1/r). Suppose -j*z + 120 + 283 = 3*u, 3*u - 400 = -z. What is the units digit of u?
3
Suppose -3*l = -3*a - 261, 0*l + 4*l + 308 = -4*a. Let w = 47 - a. What is the hundreds digit of w?
1
Let t = 177 + -172. Suppose t*v - 513 = 4*v. What is the units digit of v?
3
Let n(x) = -4*x**3 - 3*x**2 - 6*x + 27. Let o be n(-9). Let f = o - 1391. What is the thousands digit of f?
1
Suppose 56*r + 20 = 61*r. Suppose -2*v - 4*z + 332 = 0, 3*v + r*z - 386 - 116 = 0. What is the tens digit of v?
7
Let j(o) = -1 - 36*o + 53*o**2 - 73*o**2 + 25*o**2 - 5. What is the units digit of j(-5)?
9
Let t(z) = -3*z**2 + 96*z - 57. Let g be t(29). Suppose 0 = 475*o - 471*o - g. What is the units digit of o?
1
Let t(i) = 316*i**2 + 71*i + 179. What is the hundreds digit of t(-14)?
1
Let v(h) = -h**3 - h**2 - 2*h. Let r = -165 - -160. What is the units digit of v(r)?
0
Let g = 3107 - 1210. What is the thousands digit of g?
1
Let k be (-10)/35 - (12165/(-21) - 1). Suppose 10*v = 14*v - k. Suppose 2*s = -n + v, 8*n - 3*n + 269 = 4*s. What is the units digit of s?
1
Let m(u) = 7*u**3 - 8*u**2 + 7*u - 19. Let p be m(5). Suppose 0 = 2*i + 10, 328 = 2*h - 3*i - p. What is the hundreds digit of h?
5
Let i = -56 + 58. Let a be (-12)/7 + i - (-4)/(-14). Suppose a = 3*f - d - 179, f + 0*f - 2*d = 58. What is the units digit of f?
0
Let d(h) = 0*h - 8*h**3 - 13 - 17*h**2 + 7*h**3 - h. Let c be d(-17). Suppose c*o = 129 + 87. What is the tens digit of o?
5
Let d(g) = g**3 - 3*g**2 - 16*g + 36. Let a be d(5). Let v(k) = -3 + 8*k - k - 1. What is the units digit of v(a)?
8
Suppose 4*z - 11 = -2*h - 1, -4*z + 20 = 4*h. Suppose -h*l + 5*x = -1090, 3*l + 3*x + 867 = 7*l. What is the units digit of l?
3
Suppose -218*v + 909452 = -609488 + 347408. What is the thousands digit of v?
5
Let a(b) = 94*b - 87. Let g = 307 - 292. What is the thousands digit of a(g)?
1
Suppose -z + 28 = -4*g + 10, 0 = 3*z - 4*g - 30. Let u be 7/(((-122)/(-437))/2 + (-50)/575). Suppose 47 + u = z*i. What is the units digit of i?
0
Let c = 58 - 42. Let y = c - 10. What is the units digit of (-26 - 3)*y/(-2)?
7
What is the tens digit of (-7)/((-35)/18070) - (-3 + -3)?
2
Suppose -5*y = 8*y - 546. What is the units digit of (-3 - -1) + 6 - (2 - y)?
4
Suppose 0 = -z + 4*x - 2*x + 9, 5*z + x - 12 = 0. Let c be -4*z/((-6)/(-8)). What is the tens digit of ((-436)/c)/((-2)/(-8)) - -4?
1
Suppose -2406 = -4*q + 2*t, -3 = 2*t - t. What is the units digit of (488/10)/(60/q)?
8
Let x = -22089 + 39849. What is the ten thousands digit of x?
1
What is the units digit of (-3)/(-18) + (-58654916)/(-1464)?
5
Let s = 4797 - 232. Suppose 0*n = 11*n - s. What is the tens digit of n?
1
Suppose p - 24706 = 2*f + 1781, -5*f - 79465 = -3*p. What is the thousands digit of p?
6
Suppose -3*g = 0, 5*s - 5*g - 9 = 11. Let r(c) = c**3 - 3*c**2 + 5*c - 4. What is the tens digit of r(s)?
3
Let z(f) = 19*f**2 - 368*f + 41. What is the hundreds digit of z(29)?
3
Suppose -9765 = -2*c + 188*x - 187*x, 5*x + 4905 = c. What is the units digit of c?
0
Suppose -22755 = -16*s + 7*s + 4*s. What is the hundreds digit of s?
5
What is the ten thousands digit of (196/126)/(18/900477)?
7
What is the ten thousands digit of 1*(-312392)/(-21 - -13)?
3
Suppose 0 = 2*h + 3*h - 175. Suppose b + h = -117. Let 